*2 + 4*n + 5. Give i(o).
10
Let v(g) be the second derivative of g**7/2520 + g**6/240 - g**5/30 + 11*g**4/3 + 62*g. Let h(u) be the third derivative of v(u). What is h(-4)?
0
Let x(i) = -i**3 + 14*i**2 + 32*i + 2. Let y be (-2)/3*(-25)/(25/24). What is x(y)?
2
Let u(k) be the first derivative of k**3/3 + 13*k**2/2 - 37*k - 10967. Calculate u(-12).
-49
Let d(o) = -14*o**2 + o - 20. Let t(j) = 12*j**2 - 2*j + 18. Let x(m) = 5*d(m) + 6*t(m). Determine x(0).
8
Let f = -26 - -26. Let w(a) be the third derivative of a**7/5040 - a**6/180 - a**5/12 + 11*a**2. Let n(z) be the third derivative of w(z). Calculate n(f).
-4
Let j(l) = 9 - 5*l - l**3 + 612*l**2 - 341*l**2 - 5 - 265*l**2. Let v be (-2)/(-8) + 19/4. What is j(v)?
4
Suppose 0 = -4*v - 2 - 10. Let x(g) be the second derivative of 1 - 93*g + 2*g**2 - 1/6*g**3 + 1/12*g**4. Determine x(v).
16
Let x(z) = -z**2 - 5*z. Let v(u) = -u**3 + 4*u**2 + 2*u + 8. Let r be v(4). Suppose 12*y - 1500 = -108. Suppose -y*i + r = -120*i. Determine x(i).
4
Let f be 4/(470/260 + 6/(-4)). Let j(v) = -4*v**2 + 59*v - 87. Calculate j(f).
4
Let f(l) be the second derivative of 3*l**2 - l**3 + 0 + l - 1/12*l**4. Let d = -1083588 + 1083582. What is f(d)?
6
Suppose -4*p + 2*q = -50, -3*p + 7*q + 25 = 8*q. Let c(u) = -22 + u + p + 9. Calculate c(5).
2
Let w(j) be the first derivative of -j**3/3 + 4*j**2 + 60*j + 4. Let x be w(11). Suppose x = -n + 26. Let z(c) = 7*c**2 - 1. What is z(n)?
6
Let f(m) = m**2 + 8*m - 7. Let b(u) = 21*u**2 - 41*u**2 + 10*u**2 - 35 + 41*u + 16*u**2. Let a(z) = -2*b(z) + 11*f(z). Calculate a(5).
-2
Let w(l) = l**2 - 9*l - 1098. Let t be w(-29). Let v(c) be the first derivative of 3*c**2/2 - 3*c - 1. Calculate v(t).
9
Let m(v) = 15*v**2 - 13*v + 32. Let l(d) = -2*d**2 - 5. Let q(x) = 8*l(x) + m(x). What is q(-12)?
4
Let t(s) = 0*s**2 + 43399*s + 3*s**2 - 43396*s. What is t(5)?
90
Let y(a) be the second derivative of 0 - 4*a**2 + 23*a + 1/6*a**3. Give y(0).
-8
Let b(d) be the third derivative of d**6/120 - 3*d**5/20 - d**4/24 + 5*d**3/2 - 2*d**2 - 340*d - 1. Determine b(9).
6
Let c be ((3 - 4) + 0)/((-2)/(-138)). Let w = -59 - c. Suppose -v = 5*a - 2*a - 2, 3*a = -4*v - w. Let r(f) = -3*f - 2. What is r(v)?
10
Let s(m) = -m + 4. Let n(o) = 16*o**2 + 4*o - 2. Let j(a) = a**2 - 11*a - 13. Let p be j(12). Let l be n(p). What is s(l)?
-6
Let r(o) = -6 - 3*o + 6 - 4. Suppose -20*u - 1404 = -2*u. Let h = u + 75. Determine r(h).
5
Let q(k) = k**2 + 7*k - 6. Let p(r) = 13*r**2 + r. Let x be p(-1). Suppose 5*l + 2 - x = 0. Suppose -l*y = 14 - 4. Give q(y).
-16
Let o(v) = v**3 + 29*v**2 + 25*v - 88. Let s be o(-28). Let j(w) = w**3 + 4*w**2 + 2*w + 7. Give j(s).
-1
Let y(k) = -k + 5. Suppose 6*x + 95 = -13*x. Let j(g) = -g**3 - 6*g**2 - 5*g - 5. Let w be j(x). Determine y(w).
10
Let s(y) = -3701 + 1665*y + y**3 - 1730*y + 31*y**2 + 3740. Determine s(-33).
6
Let y(f) be the second derivative of f**3/3 - 2*f**2 - 32*f. Let x(u) = -u**3 - 4*u**2 + 3*u + 14. Let q be x(-4). Determine y(q).
0
Suppose -4*u = h - 25, 4*u + 4*h = -4 + 20. Let w(l) = -304 + 2*l**2 + 16*l**3 + 303 + u*l**3. Determine w(-1).
-22
Let f = -12352 + 12351. Let i(q) = -29*q**3 + q**2 + 3*q + 1. Give i(f).
28
Let m(v) = 5*v**2 + 2*v - 5. Let l(t) = 10*t**2 + 13*t**2 + 5*t + 15*t**2 - 9 - 40*t**2 + 11*t**2. Let y(o) = -4*l(o) + 7*m(o). What is y(-6)?
1
Let w(d) be the first derivative of -d**7/840 + d**6/40 + 11*d**5/120 - 11*d**4/24 + 39*d**3 + 125. Let u(o) be the third derivative of w(o). Give u(10).
-1
Let r(p) = p**2 - 12*p + 37. Let h be r(4). Let q be (-2)/8*(-2 - -2 - 4). Let d(n) = -11*n + 4. Let l(m) = -2*m. Let x(u) = q*d(u) - 6*l(u). Determine x(h).
9
Let f(g) = 3 + g - 12 + g. Let p = -74445 + 74452. Determine f(p).
5
Let j(l) = -264274 - 39*l + 15*l**2 + l**3 + 264295 + 3*l**2. Calculate j(-20).
1
Let j(u) = -7*u + 3170 - 6388 + 3158. What is j(-8)?
-4
Let q(u) = -6*u**2 + 9*u + 11. Let g(z) = -5*z**2 + 7*z + 10. Let b(k) = -7*g(k) + 6*q(k). Let r be (1 + -9)*(-2)/4. Calculate b(r).
0
Let i(y) = 7*y - 3. Let v(l) = 8*l - 2. Let g(a) = -6*i(a) + 5*v(a). Suppose -48 + 39 = 4*x - 37. Calculate g(x).
-6
Let g = 8 + -6. Let n = 134 - -68. Let z(i) = i**3 + 0 + 3 + 204*i + 0*i**3 - n*i - 4. What is z(g)?
11
Suppose -7*n - 10 = -6*n - 2*k, -2*k - 14 = 5*n. Let q(u) = u**2 - 14*u - 21. Let v(i) = -i**2 + 13*i + 18. Let y(s) = n*q(s) - 5*v(s). Calculate y(10).
4
Let y be 2 - 0 - (-2 - 1 - -1). Suppose 4*v - y = 3*v. Let c(f) = -2*f - 1. Give c(v).
-9
Let v(s) = -7*s**3 - 6*s**2 + 4*s + 2. Let t(q) = -12*q**3 - 12*q**2 + 8*q + 4. Let l(m) = 4*t(m) - 7*v(m). Suppose -2*b + 14 = 4. Calculate l(b).
-3
Let a = 596 - 593. Let g = 48 - 39. Let m(t) = -14 + g + t + 4 + t. What is m(a)?
5
Suppose 5*y + 170 = -5*z, -z - 4*y - 45 + 8 = 0. Let u(i) = -i**3 - 32*i**2 + 35*i + 56. Give u(z).
-10
Suppose 7*i + 29 = 2*t, -5*t - 3*i + i = -14. Let k(c) = -8*c + 4. Let q(u) = u. Let f(r) = 2*k(r) + 12*q(r). Calculate f(t).
-8
Suppose 93*w = -65*w + 632. Let g(q) = 2*q**3 - 10*q**2 + 12*q - 10. Give g(w).
6
Let b(r) = -11*r + 32. Suppose 18*v - 111*v + 90 = -561. Determine b(v).
-45
Let s(i) = i**3 - 46*i**2 - 47*i - 10. Let c(r) = 2*r**2 + 374*r + 3251. Let x be c(-9). Determine s(x).
-10
Suppose 11*f - 132 = -11*f. Let b(a) = 7*a + 14. Let q(n) = 15*n + 28. Let c(g) = f*q(g) - 13*b(g). Calculate c(-13).
-1
Suppose -4*l = -242 + 238. Let h(f) = 14*f**3 + f**2 + 2*f - 2. Give h(l).
15
Let a(y) = -3*y**2 + 3*y + 3. Let d be 1 - (8 + -14) - 9. Let p(c) = 14*c**2 - 12*c - 11. Let g(t) = d*p(t) - 9*a(t). Determine g(-3).
-5
Let j(z) = z**2 - z. Let c(n) = -n**3 - 8*n**2 + 11*n + 2. Let x(f) = c(f) + 2*j(f). Let y = -229 - -241. Let g be -3 + y/(-2)*2/3. Give x(g).
-12
Let q(b) = -5*b**2 - 14*b - 47. Let h(t) = -t**2 - 2*t - 10. Let f(m) = -6*h(m) + q(m). Give f(5).
28
Let p(n) = n**2 - 3*n - 8. Let x be p(5). Suppose -6*l = -x*l - 12. Let y(r) = -52 - 44 - l*r + 2*r + 95. Determine y(1).
-2
Suppose 7*j + 2*u + 57 = 43, -3*j - 5*u - 35 = 0. Let n(v) = 5*v + 10. What is n(j)?
10
Let k(w) = -10 - 4 + w**2 + 2*w + 11*w. Suppose x + 19 = g, -g - 1291 + 1254 = 3*x. Determine k(x).
0
Let j be 264/110*(-15)/(-6). Suppose 2 + 16 = -j*n. Let v(i) = i**3 + 3*i**2 + 2*i + 4. What is v(n)?
-2
Let b(a) = -4*a**2 + 35*a + 41. Suppose -l + 10 = 3*n, -20 = -2*l + 28*n - 24*n. Calculate b(l).
-9
Suppose -3*p - 2 = -v - 17, -2*v - 5*p + 36 = 0. Let z(a) = a + 2. Let j(n) = 2*n + 3. Let y be 1 - 3 - (-8)/(-4). Let g(f) = y*j(f) + 7*z(f). Determine g(v).
-1
Let j(z) = -10 + z - 2*z**2 - 19*z + 19*z + 9*z - 2*z. Suppose 0 = 3*t - 2*t - 4. Calculate j(t).
-10
Let r(h) = 671*h + 668*h + 88 + 666*h + 671*h - 2672*h. Calculate r(-21).
4
Let c(v) = 45*v - 859. Let m be c(19). Let n(y) = y**3 + 6*y**2 + 6*y + 8. Calculate n(m).
16
Let t(u) = 2*u + 15. Suppose -127 + 125 = -j. Suppose 0 = -j*o + 2*p - 6, -p - 4*p + 3 = -2*o. Calculate t(o).
7
Suppose -4*v = -5*i - 42, -3*i + 38 = 5*v - 2*i. Let n(p) be the second derivative of 0 - 12*p + 1/6*p**3 + 7/2*p**2. Calculate n(v).
15
Let q(x) be the third derivative of -x**6/120 - x**5/5 - 17*x**4/24 + 23*x**3/6 - 1257*x**2. Calculate q(-10).
-7
Let p(n) = 5*n + 13. Let k(q) = -4*q - 14. Let i(c) = -3*k(c) - 2*p(c). Let l = 21850 + -21860. Calculate i(l).
-4
Suppose 9770 = -28*l + 9658. Let g(z) = -z + 2. Give g(l).
6
Let i(r) = -16 + 59*r + 57*r + 138*r - 253*r. Let l be (-16)/(-2) + (-4)/(-2). Determine i(l).
-6
Let t be (-221)/52 + 1/4. Let o be (-18)/(-12) + (-6)/t. Let b(q) = -5*q**2 + 2 + 2*q - 123*q**3 - 128*q**3 + 252*q**3. What is b(o)?
-10
Let c(u) be the second derivative of u**3/6 - 5*u**2 + 2*u. Let a = -822 - -825. Suppose 32 = 4*r - o, o - 16 = -a*r + r. Calculate c(r).
-2
Let s(i) = 2*i**3 + 4*i**2 + 2*i - 2. Let o(v) = 5*v + 37. Let c be o(-7). Suppose c*k + 4*k = 48. Let y = k + -10. Determine s(y).
-6
Let y(m) = -6 + 0 - 4*m + 3*m. Let h be y(-17). Suppose 2 = 12*v - h*v. Let r(j) = -3*j. Determine r(v).
-6
Let r be ((-4)/6)/((-24)/108). Let k(l) = -5419 + r*l + 5427 - 4*l. What is k(4)?
4
Let s(r) = -4*r - 68 - 8*r**2 + r - 91 + 153 - r**3. Give s(-8).
18
Suppose 6*n - z = 44, -2*n - 26*z + 21*z + 4 = 0. Let j(g) = -g**2 + 7*g + 6. Calculate j(n).
6
Let d = -20713 - -20708. Let m(k) = -7*k**3 - 10*k**2 - 7*k - 15. Let w(t